eatest common divisor of 108 and x?
6
Let y be (-6)/(-2*3/2). Suppose y*g - 13*u + 8*u = 208, -3*u = 0. What is the greatest common factor of 39 and g?
13
Let t = 7786 + -7705. What is the greatest common factor of t and 1593?
27
Let w(y) be the third derivative of y**6/120 - y**5/20 - 5*y**3/6 + 12*y**2. Let t be w(5). Let v = -42 + t. Calculate the greatest common divisor of 27 and v.
3
Suppose 227*i = -29*i - 101189 + 294725. What is the highest common divisor of i and 348?
12
Suppose 141*h - 146*h + 240 = 0. Calculate the highest common divisor of h and 1104.
48
Let q be (245 - 74) + (4 - (-1 - 0)). Let n = -26 + q. Suppose 0*s - 2*r = 2*s - 110, -115 = -2*s - r. Calculate the greatest common factor of s and n.
30
Suppose 3*p - 3*w - 43 = 2*w, 5*w = -10. Suppose 0 = p*m - 17*m + 120. Calculate the highest common divisor of 4 and m.
4
Let n(q) = -4*q**2 - 13*q + 51. Let u(j) = 12*j**2 + 38*j - 153. Let f(b) = -7*n(b) - 2*u(b). Let a be f(6). Calculate the highest common divisor of 61 and a.
61
Suppose 66368 = 3693*j - 3661*j. What is the greatest common divisor of 244 and j?
122
Suppose -18*d + 59 = 23. Suppose d*n = k + 722, 3*k - k + 718 = 2*n. What is the highest common factor of 33 and n?
33
Let b be 2919/14*(-32)/(-6). What is the greatest common factor of 40 and b?
8
Let h = 2076 + -1992. What is the greatest common divisor of 476 and h?
28
Suppose -2*a - 2*a = -r - 319, 0 = -2*a + 2*r + 158. Suppose 0 = -38*w + 36*w + 560. Calculate the highest common factor of w and a.
40
Suppose -6494 + 11278 = 23*i. Calculate the highest common factor of i and 650.
26
Suppose 2*s + 1066 = 2*g, -1058 = -30*s + 32*s + 2*g. Let l = 611 + s. What is the greatest common factor of 20 and l?
20
Let z(g) = -14*g**3 + 2*g**2 + 2*g. Let x be z(-1). Let v be 6/((6/42)/(12/(-14))). Let s = v + 40. Calculate the highest common divisor of x and s.
2
Let d be (-2 - (-40)/25) + 708/20. Suppose 8*r - d - 45 = 0. Calculate the greatest common divisor of 90 and r.
10
Let l = 36 - 21. Suppose 6*v + 14*v - 167 - 33 = 0. Calculate the greatest common factor of l and v.
5
Suppose -95 = -4*x + 789 + 1496. Calculate the greatest common factor of 945 and x.
35
Let s = 673 + -469. Let h(f) = -94*f - 1868. Let g be h(-20). Calculate the greatest common factor of g and s.
12
Suppose 636*y + 46*y = 1381 + 2711. What is the highest common factor of y and 51?
3
Suppose 0 = 5*p + 3*t - 123, 4*t - 1456 = -1452. What is the highest common factor of p and 246?
6
Let k(x) = -x**3 - 3*x**2 - x + 2. Let r be k(-2). Suppose r = 5*u - 2*u - 15. Suppose 3*h + u*h - 240 = 0. Calculate the greatest common factor of 6 and h.
6
Let r be 2499/663 - 6/(-26). Let z(x) = x + 3. Let w be z(-3). Let y = w + r. What is the highest common divisor of 36 and y?
4
Let r = -302 + 460. Let j = 87 - r. Let q = j + 77. What is the highest common factor of 6 and q?
6
Suppose -12*k = 14*k - 1014. Let q(j) = -j**2 + 3. Let y be q(0). Calculate the highest common divisor of k and y.
3
Suppose -2*d + 3*r = -d - 19, 40 = 4*d - 3*r. Suppose -3*m + 6*z = d*z - 73, 2*m = z + 42. What is the highest common divisor of m and 115?
23
Suppose 83*t - 76*t = 28. Let m(b) = b + 2 - b + 3*b. Let g be m(2). What is the greatest common divisor of t and g?
4
Suppose 19*n - 53 = 23. Suppose o + 154 = 2*m, 2*m - n*o - 144 = 22. Let z = 73 - 23. Calculate the greatest common factor of m and z.
25
Suppose 0 = -136*f + 12483 + 19885. What is the highest common divisor of 1258 and f?
34
Let h = 1656 - 1592. Calculate the greatest common factor of h and 256.
64
Let s(q) = -q**2 + 10*q - 8. Let u be s(7). Let p be (-2 - u*4)/(-1). Suppose -49*v + 15*v = 282 - 1506. What is the greatest common factor of p and v?
18
Let t = -1671 + 1676. Calculate the greatest common divisor of 5 and t.
5
Let j = 2 - -10. Suppose 2*w = 8*w + j. Let i be ((-36)/8)/(w/4). What is the greatest common divisor of 9 and i?
9
Let l = 415 + -410. Suppose -69 = -l*o + 2*o. Calculate the highest common factor of 667 and o.
23
Suppose -13*u - 210 = -34*u. Suppose 6*m + 108 = u*m. Let c be (-1325)/(-7) - (-4)/(-14). What is the highest common divisor of c and m?
27
Let g(n) = 33*n**2 - 14*n + 36. Let f be g(4). Suppose -5*h - f = -3*m - 6*h, -5*m + 850 = h. What is the highest common factor of m and 76?
19
Let m = -369 + 377. Suppose 2*j + j - 18 = 0. Let q be (-3 - (-15)/4)*m/j. What is the greatest common divisor of 8 and q?
1
Let w(m) = 2*m**2. Let b be w(-1). Let s be ((-1)/5)/(96/(-24000)). What is the highest common factor of s and b?
2
Suppose -22*w = 1452 - 6050. Suppose 33 = 2*t + t - 3*b, -2*t - 3*b + 22 = 0. What is the highest common factor of w and t?
11
Suppose -5*w + 11 = 2*z, -2*w + 2*z - 8 = -4*w. Let m = w + 18. Calculate the highest common factor of 304 and m.
19
Let l(z) = 18*z + 143. Let m be l(27). Suppose -2*p + m = -3*j, 5*j - 393 - 1217 = -5*p. What is the greatest common factor of p and 29?
29
Let u = 59 + -35. Let n = 43 - u. Suppose -n*m + 21*m = 60. What is the greatest common factor of 150 and m?
30
Suppose -70 = -l - 2*k, -7*l + 5*l - 6*k = -146. Suppose -n + 4*j + 16 = 0, j = n - 5*n + 30. What is the highest common divisor of n and l?
8
Let s = -45 - -25. Let h = s + 31. Let j(y) = 1147*y + 19609. Let v be j(-17). Calculate the greatest common divisor of v and h.
11
Suppose -j = -2*d - 56, 9*d - 4*d - 76 = -2*j. Calculate the greatest common factor of 496 and j.
16
Suppose -4*h + 5*d = -523, -3*h - 68 = -3*d - 461. Suppose -2*z = 9*z - h. What is the highest common divisor of z and 1020?
12
Suppose 4*r - 3*g = 14, -5*g = -2*r - 2*g + 10. Let c = -857 - -860. Suppose w = r*w - 5, -c*h + 19 = -w. Calculate the highest common divisor of h and 40.
8
Suppose 5*a - 436 = 2*i, 73*i = 2*a + 76*i - 201. Let u = 92 - 60. Let p = 4 + u. What is the greatest common factor of a and p?
18
Let c = 2511 - -8258. Calculate the greatest common factor of c and 89.
89
Suppose 0 = c + 5*q - 34, 2*q - 16 = c - 57. Suppose 1024 = 9*z - 7*z - 5*y, -3*z + 2*y = -1525. Calculate the highest common divisor of c and z.
39
Let k = -464 + 771. Suppose -27 = 5*z - k. Calculate the highest common factor of z and 448.
56
Let f = -33 - -65. Suppose 495 = 378*d - 326*d - 545. Calculate the highest common divisor of f and d.
4
Let v = 49 - 46. Suppose 0 = -3*t + 6, 5 + 9 = v*w - 2*t. Suppose -4*f + w*f = 24. Calculate the greatest common factor of f and 36.
12
Suppose t = 3*v - 12425, -5*t - 11488 = -2*v - 3196. What is the greatest common factor of v and 41?
41
Suppose 4706*p - 1652 = 4647*p. Calculate the greatest common divisor of p and 707.
7
Suppose -796*c + 57755 + 63009 - 37505 + 21813 = 0. Let o be 110/3*(7 - 1). Calculate the greatest common factor of c and o.
44
Let t(a) = a**3 + 4*a**2 + 9*a - 3. Let q be t(-7). Let v = -179 - q. What is the highest common factor of v and 306?
34
Suppose 39*s - 46*s + 31*s - 28032 = 0. What is the highest common factor of s and 16?
16
Let d be -2 - (0 + (5 - 1000)). What is the highest common factor of 3 and d?
3
Let i = -7093 + 11043. What is the highest common divisor of 50 and i?
50
Let c = -12272 + 12338. Calculate the highest common divisor of c and 5654.
22
Suppose -3*t + 6 = 0, 2*a - 5*t - 327 = 2071. Let z = a + -629. Calculate the greatest common factor of z and 50.
25
Let a = 118 - 62. Suppose -2*y = -v - 427, 3*y - 2*y - 227 = 5*v. Let g be 30/(4 + y/(-56)). What is the greatest common factor of a and g?
28
Let f(k) = -40*k + 5*k - k**2 - 7*k + 22. Let n be f(-29). What is the greatest common factor of 57 and n?
57
Let m(s) = -120*s + 730. Let p be m(6). Calculate the highest common factor of 410 and p.
10
Let d(w) = 11*w**2 + 19*w - 9. Let z be d(-5). Let v(g) = 2*g**3 + 2*g - 1. Let j be v(2). What is the highest common factor of z and j?
19
Suppose -3*f = -3*u + 875 + 1231, 5*u = -5*f + 3450. What is the greatest common factor of u and 204?
12
Let v = 15689 + -7189. What is the greatest common divisor of 68 and v?
68
Let a = 61 - 14. Suppose 4*g + 3*h = 2*h + a, -4 = 4*h. Suppose 0 = 3*v + f - g, -3*v + 5*f - 2*f = 0. What is the highest common factor of 24 and v?
3
Let v(o) = 14*o**2 + 23*o + 12. Let r be v(-2). Calculate the highest common factor of r and 14553.
11
Suppose -3*i + 184 = -y, 301 = 6*i - i 